the highest common factor of 108472 and 64?
8
Calculate the greatest common factor of 8742 and 20022.
282
Calculate the highest common divisor of 288 and 1058208.
96
Calculate the highest common divisor of 959 and 2471.
7
What is the highest common factor of 45214 and 38961?
481
Calculate the highest common divisor of 94 and 1648.
2
Calculate the greatest common factor of 4320 and 28890.
270
Calculate the highest common factor of 17680 and 100.
20
Calculate the greatest common divisor of 12664 and 288.
8
Calculate the greatest common factor of 583336 and 852.
284
What is the highest common factor of 16062 and 3?
3
What is the highest common divisor of 192 and 58048?
64
What is the highest common factor of 8 and 877536?
8
What is the highest common factor of 50432 and 12544?
256
What is the greatest common factor of 32639 and 508?
127
What is the greatest common divisor of 36500 and 237980?
1460
What is the greatest common divisor of 61024 and 64?
32
What is the greatest common divisor of 36 and 15940?
4
What is the greatest common factor of 4944 and 576?
48
What is the highest common factor of 16 and 2636?
4
What is the greatest common divisor of 72 and 968?
8
What is the greatest common factor of 1732406 and 92?
46
Calculate the greatest common divisor of 83065 and 185.
185
Calculate the highest common factor of 387 and 9417.
129
Calculate the greatest common divisor of 80967 and 137.
137
What is the highest common factor of 3003578 and 164?
82
Calculate the greatest common divisor of 2254 and 384146.
322
Calculate the highest common divisor of 1092 and 117663.
273
What is the greatest common factor of 6 and 11606?
2
What is the greatest common divisor of 115 and 3473?
23
What is the highest common factor of 50462 and 782?
46
Calculate the greatest common divisor of 1281 and 6954.
183
Calculate the greatest common divisor of 33744 and 77216.
304
What is the greatest common factor of 122 and 15250?
122
Calculate the greatest common factor of 108 and 842454.
54
What is the greatest common factor of 4199 and 10013?
323
What is the greatest common factor of 23080 and 180?
20
Calculate the greatest common factor of 2043435 and 3795.
345
Calculate the greatest common divisor of 690644 and 115.
23
What is the highest common factor of 18 and 16893?
9
What is the highest common factor of 8 and 46894?
2
Calculate the highest common factor of 459 and 1566.
27
What is the greatest common divisor of 7215 and 7020?
195
Calculate the highest common divisor of 3962 and 28.
14
What is the highest common divisor of 152 and 18164?
76
What is the highest common factor of 41475 and 1950?
75
Calculate the greatest common divisor of 19388 and 2664.
148
What is the greatest common divisor of 62460 and 180?
180
What is the highest common divisor of 1112998 and 4596?
766
What is the highest common factor of 1517 and 4223?
41
What is the greatest common divisor of 54150 and 13034?
38
Calculate the greatest common divisor of 742 and 454634.
106
Calculate the greatest common factor of 130 and 813410.
130
What is the greatest common factor of 5 and 100530?
5
What is the greatest common factor of 46 and 212750?
46
Calculate the highest common factor of 26 and 106210.
26
What is the highest common divisor of 229038 and 885?
177
Calculate the highest common factor of 518237 and 1.
1
What is the highest common factor of 483280 and 448?
112
Calculate the highest common factor of 181214 and 132.
22
Calculate the highest common divisor of 225 and 99.
9
Calculate the greatest common factor of 8715 and 210.
105
Calculate the highest common divisor of 26 and 16042.
26
Calculate the highest common divisor of 9520525 and 70.
35
What is the greatest common divisor of 141703 and 161?
23
Calculate the highest common factor of 2436 and 415860.
348
Calculate the greatest common divisor of 88462 and 4.
2
What is the highest common factor of 34801 and 5083?
13
What is the greatest common factor of 8188699 and 197?
197
Calculate the greatest common divisor of 1280 and 44480.
320
Calculate the highest common factor of 83096 and 752.
376
Calculate the greatest common factor of 20 and 4459580.
20
Calculate the greatest common factor of 1152687 and 223.
223
Calculate the highest common factor of 709209 and 9.
9
What is the highest common factor of 240 and 8910?
30
What is the greatest common divisor of 22860 and 280?
20
What is the highest common factor of 81424 and 8?
8
What is the highest common factor of 7623 and 9513?
63
Calculate the highest common factor of 10564 and 1273.
19
Calculate the highest common divisor of 247680 and 30.
30
What is the greatest common divisor of 126 and 56?
14
What is the highest common divisor of 135 and 56835?
135
Calculate the highest common divisor of 12017 and 15563.
197
Calculate the greatest common divisor of 222179 and 1804.
41
What is the highest common divisor of 13 and 7380087?
13
Calculate the greatest common factor of 7664 and 1968.
16
Calculate the highest common factor of 698005 and 637.
49
Calculate the greatest common divisor of 448140 and 3234.
462
Calculate the greatest common factor of 126 and 172928.
14
What is the greatest common factor of 38850 and 47360?
370
Calculate the greatest common divisor of 33 and 68189.
11
What is the greatest common factor of 208 and 17024?
16
Calculate the highest common divisor of 1945400 and 1136.
568
Calculate the highest common divisor of 20400 and 15368.
136
What is the highest common divisor of 7087 and 1121?
19
Calculate the highest common divisor of 820 and 2245775.
205
What is the greatest common factor of 15080 and 4472?
104
What is the greatest common factor of 86 and 12871964?
86
What is the highest common factor of 61852 and 112?
28
What is the greatest common factor of 8708 and 476?
28
Calculate the greatest common divisor of 80 and 237104.
16
Calculate the greatest common divisor of 327 and 4408614.
327
Calculate the highest common factor of 1134 and 5743710.
1134
What is the greatest common factor of 37620 and 1089?
99
Calculate the highest common divisor of 208153 and 2384.
149
Calculate the highest common factor of 168 and 26088.
24
What is the greatest common divisor of 21 and 623?
7
Calculate the greatest common divisor of 11973 and 390.
39
Calculate the highest common factor of 6 and 148608.
6
What is the greatest common divisor of 432 and 67968?
144
What is the greatest common factor of 4020 and 6968?
268
Calculate the highest common factor of 30954 and 112.
14
What is the greatest common factor of 16575 and 1547?
221
What is the highest common factor of 1610 and 10787?
161
Calculate the highest common divisor of 55274 and 3654.
58
What is the greatest common factor of 4650 and 62?
62
Calculate the highest common factor of 41923 and 3164.
791
What is the highest common divisor of 1782 and 3794769?
891
Calculate the greatest common divisor of 2961 and 18459.
63
What is the highest common factor of 6752 and 52?
4
What is the highest common factor of 5390 and 227458?
1078
Calculate the greatest common divisor of 273 and 2639.
91
Calculate the greatest common factor of 10295 and 3905.
355
What is the greatest common divisor of 500 and 5125?
125
What is the highest common divisor of 30535 and 1085?
155
What is the highest common factor of 38397 and 9?
3
Calculate the highest common divisor of 84 and 104034.
42
What is the highest common factor of 91 and 6656?
13
What is the greatest common divisor of 1296 and 18032?
16
What is the greatest common divisor of 63 and 46989?
9
Calculate the greatest common divisor of 2680 and 11480.
40
Calculate the greatest common divisor of 810 and 1526580.
270
Calculate the greatest common factor of 49271 and 116.
29
Calculate the highest common factor of 105187 and 1172.
293
What is the highest common divisor of 44 and 1677082?
22
Calculate the greatest common factor of 139 and 9051541.
139
What is the highest common factor of 8832 and 1049904?
1104
What is the highest common factor of 346093 and 73?
73
What is the greatest common factor of 848 and 37984?
16
What is the highest common factor of 5244 and 18492?
276
Calculate the highest common divisor of 9108 and 2646.
18
Calculate the highest common divisor of 36415 and 70.
5
Calculate the highest common fac